 o a composite number?
False
Suppose -3*u = 3, 8*l = 3*l - 5*u + 695. Let d = 303 - l. Is d prime?
True
Suppose 0*q + 4*q = 4*r + 16, -r - q = 0. Let f be r/(-3) - 40/(-12). Suppose 3*j = -m + 30, m + 20 = f*j - 13. Is j composite?
True
Let v = -96 - -145. Is v a prime number?
False
Let z = -14 + 5. Let g = 11 + z. Suppose -g*a = 4*x - 50, -4*x - x = -3*a + 108. Is a prime?
True
Let u = -123 - -236. Is u composite?
False
Let t = 2 + 10. Suppose -2*f - f + t = 0. Suppose f*h = r + 192, 0 = -2*r - 3*r - 20. Is h a prime number?
True
Is 2964/(-8)*(-2)/3 composite?
True
Let r(u) = 30*u + 3. Let d be r(3). Let l = 40 + d. Is l a composite number?
True
Suppose -5*b - u = -742, 0 = -4*b - u + 510 + 83. Suppose -3*z + b = -118. Is z a prime number?
True
Is 251*(-1 - 6/(-3)) composite?
False
Suppose b + p + 6 = 0, 2*b + 3*p = 6*p + 8. Let y be ((-26)/3)/(b/(-18)). Let f = y + 155. Is f a composite number?
True
Is (0 + 308/(-8))*-2 a prime number?
False
Let z be 9 - (-1 + (1 - 0)). Is (3/z)/(3/1071) prime?
False
Let d = 516 + -359. Is d prime?
True
Let z(j) = 4*j**3 + 2*j + 2*j**2 + 0*j**3 - 1 + 0*j**3. Is z(3) composite?
False
Let y = 9 + -5. Suppose -5*t + 19 = w, -4*w - y*t + 21 = -55. Is w composite?
False
Let n = -1 + 3. Suppose -146 - 142 = -n*y. Suppose -12 = 3*b, -b - y = z - 5*z. Is z composite?
True
Suppose -6*d - 2 = -14. Suppose d*i + 102 = 812. Is i a prime number?
False
Let x be 306/15 + (-2)/5. Let b = x + -5. Suppose -2*k + 3*k = b. Is k prime?
False
Let p(d) = d**2 + 8*d + 6. Let a be p(-8). Suppose 9*o = a*o + 231. Is o prime?
False
Suppose -5*l + 72 = t, -3*t + 4*l + 140 + 0 = 0. Suppose -2*j + t = 2*j. Suppose -2*v + 169 = -j. Is v composite?
True
Let l(w) = -11*w + 7 - 2 - w. Suppose 3 = g + 8. Is l(g) prime?
False
Let v(q) = q**2 - q**2 + 145 + 2*q**2 - q**2 - q. Is v(0) a composite number?
True
Suppose 4*h = -r + 263, -h + 2*h + 1315 = 5*r. Is r a composite number?
False
Let n(o) = o**3 + 9*o**2 + 3*o - 5. Let v be n(-7). Let a = 23 + v. Is a a prime number?
False
Suppose 4*r = -4*m + 36, 0 = -r + 3*r - 3*m - 13. Let k = r + 8. Is (-4)/(k/(-6))*4 a prime number?
False
Let w = 72 + -142. Let s = w - -135. Is s prime?
False
Suppose 144 = -2*w + 3106. Is w prime?
True
Suppose 0 = -g + 2*g - 416. Is g/68 + (-4)/34 a composite number?
True
Suppose 5*q - 17 = -j - 0, -21 = -3*j - 5*q. Suppose w - j*y + 4*y - 13 = 0, 2*y + 125 = 5*w. Is w a composite number?
False
Let d be ((-20)/25)/((-2)/(-10)). Is (d - -3)/((-1)/131) prime?
True
Is -13 - -12 - 165*-2 a composite number?
True
Let s(q) = -q**3 + 3*q**2 + 6*q - 4. Let p be s(4). Suppose 395 = p*y + y. Is y a composite number?
False
Suppose 4*i - 112 = 268. Let a = 2 + i. Is a composite?
False
Let k(p) be the third derivative of 31*p**4/24 + p**2. Let t be k(1). Let r = 2 + t. Is r a prime number?
False
Let a(k) = -2*k - 2 - 4*k - 1. Is a(-12) a composite number?
True
Suppose -v + 3 + 19 = 0. Is v composite?
True
Let v(y) = 4*y - 7. Let u(k) = -5*k + 8. Let o(f) = -5*u(f) - 6*v(f). Is o(4) prime?
False
Suppose l = -4*m + 17 - 8, -5*l + 5*m = -120. Is l prime?
False
Let u = -6 + 10. Suppose -u*a = 6 - 42. Is a a composite number?
True
Is (-8)/32 + 173/4 prime?
True
Suppose -2*t + 4*h + 340 = 0, t + 3*t - 720 = -2*h. Suppose 0*v + 4*v - 107 = -i, -2*i = -v - t. Is i composite?
True
Let p = -93 + 755. Is p a prime number?
False
Let x be (1/2)/1*26. Let l = x + 74. Is l a prime number?
False
Suppose 4*h = 12, 0*c + h - 27 = -3*c. Let f be (-2)/8 + 90/c. Suppose f = 2*j - 3. Is j a composite number?
False
Let o(j) = -6*j**3 + 3*j + 2. Let l be o(-2). Is 0/16 - l/(-2) a prime number?
False
Suppose -3 = 2*k - 3*p, 2*k + 5*p = -2*k + 27. Suppose 3*q + 369 = 6*q. Suppose -4*w + q = -k*w. Is w composite?
True
Let g(s) = s**3 - 6*s**2. Let h be g(6). Is (h - 1)/((-1)/211) a composite number?
False
Let o(j) be the first derivative of 16*j**3/3 + 5*j**2/2 - 1. Let h be o(4). Suppose 2*c - h = -2*c. Is c a composite number?
True
Let s = 82 + 42. Let a = -9 + s. Is a composite?
True
Let x be -3 + 1 - (-1 + -95). Let o = -59 + x. Is o a prime number?
False
Suppose 4*i = -2*v - 8, -v - 3*i - 6 = -0*v. Suppose -j + 9 = -4*p, v = -2*j - j - 2*p + 69. Is j prime?
False
Suppose a - 40 = -5*i + 225, 4*i = 5*a + 241. Is -2 + i + 1/(-1) a composite number?
True
Suppose -1188 = -4*x - 5*v + 7*v, -5*v = -5*x + 1495. Is x prime?
False
Let x = -2 - -16. Let t = -11 + x. Suppose t*r - 54 = -3*u, 0 = 3*u + 4*r - 9*r - 62. Is u a composite number?
False
Suppose -126 = 4*k - 2*k. Is ((-1659)/k)/(1/3) a composite number?
False
Suppose -4*g + r = 46, r + 20 = -6*g + 4*g. Let o = -5 + 7. Let v = o - g. Is v a composite number?
False
Let s(x) = 19*x**2 + 2*x - 3. Let l(j) = 3*j**3 + 2*j**2 - 2*j - 3. Let t be l(-2). Let h be (-5)/(t/2)*3. Is s(h) prime?
False
Let i = 0 - 2. Is (-2 - -4)*(-131)/i a composite number?
False
Suppose 3*w + 5*u = -22, 4*w - 21 = 3*u - 2. Let c be ((-5)/(-1))/w - 0. Suppose -3*o - c*z = -96, z - 20 = o - 60. Is o a prime number?
True
Suppose c = -4*o + 597, -4*c = -4*o + 6*o - 2332. Is c composite?
True
Suppose -11 = c - 4*c + 4*k, k = -c + 13. Let f be (-1004)/(-18) - (-2)/c. Let h = -33 + f. Is h prime?
True
Let m(n) = 4*n + 13. Let z be m(-9). Is z/(-1 - 4/(-6)) a prime number?
False
Let h(c) = c**3 - 2*c**2 - 8*c + 2. Suppose r = -r + 14. Is h(r) prime?
True
Let v be (-2 - 0)*206 - 2. Is (2 + (-3 - v))*1 composite?
True
Let f = 9 + 22. Is f a composite number?
False
Is 41015/20 - (-2)/8 prime?
False
Let p(q) = -4*q**3 - 8*q**2 - 2*q + 3*q**3 + 0*q**3. Let c be p(-3). Let k = 116 + c. Is k a composite number?
True
Let u(h) be the second derivative of h**4/12 - 7*h**3/6 + 5*h**2/2 - 3*h. Is u(8) composite?
False
Suppose -12 = -5*s + 8. Let g = -1 + s. Suppose g*f - 104 = 43. Is f composite?
True
Suppose 2*u + 2*u - 12 = 0. Let j = u - 2. Let v(z) = 13*z. Is v(j) composite?
False
Suppose 6*k = -4*n + 2*k - 272, -272 = 4*n + 5*k. Let u = n + 111. Is u a composite number?
False
Suppose -2695 + 493 = -3*r. Is r a composite number?
True
Let n be ((-40)/(-6))/(2/9). Suppose 2*l - 5*h = n, 0*l + 58 = 2*l + 2*h. Let u = l + -18. Is u a composite number?
False
Suppose -13 = -5*j + 4*l, 16 = 3*j + 2*j - 3*l. Suppose 0 = -4*n + 3 + j. Suppose -30 = -2*h - n. Is h composite?
True
Suppose 3*x + 42 = 3*f, 0 = -x - 4*f - 14. Is (x/(-2) - 0)*5 a prime number?
False
Is ((-8)/6)/((-20)/210) composite?
True
Let a = 21 - -112. Is a a composite number?
True
Suppose -60 - 21 = v - 2*y, 2*y = 5*v + 397. Let s = v + 164. Is s prime?
False
Suppose 4 + 44 = 4*n. Suppose -10*s + 6*s = -n. Suppose s*t + 93 = 4*t. Is t a composite number?
True
Let w = 136 - -162. Is w a prime number?
False
Let m = -13 + 30. Let o = m + -10. Is o a prime number?
True
Is (-2)/(-5) + 4966/10 composite?
True
Suppose -20 = -5*v, v - 28 = -3*k - 3*v. Suppose 4*g - 6*p = -2*p + 492, 0 = -k*p + 16. Is g a prime number?
True
Is (4/(-12))/(2/(-9138)) prime?
True
Let i = 663 + -284. Is i a composite number?
False
Is ((3 - 3) + -2)*1474/(-4) composite?
True
Let y = 439 - 98. Is y prime?
False
Let h = -205 - -706. Is h composite?
True
Is (-2)/11 - (-2323)/11 a prime number?
True
Let o = 27754 + -14463. Is o a composite number?
False
Let p = 123 + 27. Suppose -5*w + 2*w = -p. Let m = w + -31. Is m a prime number?
True
Suppose 4 = v + v. Let q(u) = 103*u**2 - 3*u - 1. Let i(d) = -103*d**2 + 4*d + 1. Let m(o) = v*i(o) + 3*q(o). Is m(-1) prime?
True
Let p(c) = -c + 1. Let z(o) = 64*o + 3. Let u(d) = -2*p(d) + z(d). Is u(1) a composite number?
False
Let h = -1 + 6. Suppose 34 + 61 = h*b. Is b a composite number?
False
Let w = 1 - 5. Let s = -2 + w. Let r(d) = -15*d + 7. Is r(s) prime?
True
Let r(y) = -2*y**3 - 2*y**2 - y. Let o be r(-3). Suppose -17 = -5*z + 13. Is (-12)/z + 1*o composite?
False
Let y(k) = 2*k**3 - 2*k**2 - k - 2. Let f be y(-2). Is (-6)/f*(2 - -1866) a prime number?
True
Let p be (2/(-6))/(4/(-2892)). Let k = -92 + p. Is k a composite number?
False
Suppose a = -14*b + 10*b + 201, -5*a = 2*b - 933. Is a prime?
False
Let p(w) = -8*w**2 - w. Let y be p(-5). Let b = y + 284. Is b prime?
True
Let f(d) = -d**3 - 5*d**2 - 5*d + 3. Let t be f(-4). Let j = t + -2. Suppose 16 = 4*a, -345 = -j*x + 3*a - 62. Is x prime?
True
Let l(d) = -10*d - 1. 